{"id":1635,"date":"2021-11-14T00:19:29","date_gmt":"2021-11-13T23:19:29","guid":{"rendered":"https:\/\/www.les-borders-et-nous.com\/?page_id=1635"},"modified":"2025-12-13T10:57:57","modified_gmt":"2025-12-13T09:57:57","slug":"la-boutique-lben","status":"publish","type":"page","link":"https:\/\/www.les-borders-et-nous.com\/index.php\/la-boutique-lben\/","title":{"rendered":"Boutique"},"content":{"rendered":"\n<h4 class=\"wp-block-heading has-text-align-center\"><strong>L\u2019association <em>Les Borders et Nous<\/em> vous propose une s\u00e9lection de produits solidaires !<\/strong><\/h4>\n\n\n\n<p class=\"has-text-align-center\">Chaque achat contribue directement \u00e0 nos actions : <strong>l\u2019int\u00e9gralit\u00e9 des b\u00e9n\u00e9fices est revers\u00e9e \u00e0 l\u2019association<\/strong> pour soutenir la prise en charge de nos prot\u00e9g\u00e9s.<\/p>\n\n\n\n<p class=\"has-text-align-center\">\ud83d\udcb6 <strong>Tarifs :<\/strong><\/p>\n\n\n\n<p class=\"has-text-align-center\"><strong>Livres et jeu : 20 \u20ac<\/strong>             <\/p>\n\n\n\n<p class=\"has-text-align-center\"><strong>Tasse : 15 \u20ac<\/strong><\/p>\n\n\n\n<p class=\"has-text-align-center\">\ud83d\udce6 <strong>Frais de port : 5 \u20ac<\/strong><br>\ud83d\ude9a <strong>Exp\u00e9dition via Mondial Rela<\/strong>y<\/p>\n\n\n\n<p class=\"has-text-align-center\">\ud83d\udccd <strong>Retrait possible au si\u00e8ge de l\u2019association<\/strong> (sur rendez-vous) \u2013 <strong>merci de nous contacter au pr\u00e9alable<\/strong>.<\/p>\n\n\n\n<p class=\"has-text-align-center\">\ud83d\udc49 Cliquez sur les produits pour obtenir plus d\u2019informations et passer commande.<br>\ud83d\udce9 Pour toute question, nous restons \u00e0 votre disposition : <strong><a>les.borders.et.nous@gmail.com<\/a><\/strong><\/p>\n\n\n\n<p class=\"has-text-align-center\"><\/p>\n\n\n\n<p class=\"has-text-align-center\"><\/p>\n\n\n\n<figure class=\"wp-block-gallery has-nested-images columns-default is-cropped wp-block-gallery-1 is-layout-flex wp-block-gallery-is-layout-flex\">\n<figure class=\"wp-block-image size-large\"><a href=\"https:\/\/www.helloasso.com\/associations\/les-borders-et-nous\/evenements\/tasse-les-borders-et-nous?_gl=1%2afv0i23%2a_gcl_au%2aOTE0NzMzMDg2LjE3NjMwMzUwMTYuMTA3NTE5NDg1MS4xNzY0NTAxNTgwLjE3NjQ1MDE1Nzk.\" target=\"_blank\" rel=\" noreferrer noopener\"><img loading=\"lazy\" decoding=\"async\" width=\"997\" height=\"1022\" data-id=\"4284\" src=\"https:\/\/www.les-borders-et-nous.com\/wp-content\/uploads\/2025\/12\/IMG_3128.jpeg\" alt=\"\" class=\"wp-image-4284\" srcset=\"https:\/\/www.les-borders-et-nous.com\/wp-content\/uploads\/2025\/12\/IMG_3128.jpeg 997w, https:\/\/www.les-borders-et-nous.com\/wp-content\/uploads\/2025\/12\/IMG_3128-293x300.jpeg 293w, https:\/\/www.les-borders-et-nous.com\/wp-content\/uploads\/2025\/12\/IMG_3128-768x787.jpeg 768w\" sizes=\"auto, (max-width: 997px) 100vw, 997px\" \/><\/a><\/figure>\n\n\n\n<figure class=\"wp-block-image size-large\"><a href=\"https:\/\/www.helloasso.com\/associations\/les-borders-et-nous\/evenements\/tasse-les-borders-et-nous?_gl=1%2afv0i23%2a_gcl_au%2aOTE0NzMzMDg2LjE3NjMwMzUwMTYuMTA3NTE5NDg1MS4xNzY0NTAxNTgwLjE3NjQ1MDE1Nzk.\" target=\"_blank\" rel=\" noreferrer noopener\"><img loading=\"lazy\" decoding=\"async\" width=\"1024\" height=\"1011\" data-id=\"4283\" src=\"https:\/\/www.les-borders-et-nous.com\/wp-content\/uploads\/2025\/12\/IMG_3130-1024x1011.jpeg\" alt=\"\" class=\"wp-image-4283\" srcset=\"https:\/\/www.les-borders-et-nous.com\/wp-content\/uploads\/2025\/12\/IMG_3130-1024x1011.jpeg 1024w, https:\/\/www.les-borders-et-nous.com\/wp-content\/uploads\/2025\/12\/IMG_3130-300x296.jpeg 300w, https:\/\/www.les-borders-et-nous.com\/wp-content\/uploads\/2025\/12\/IMG_3130-768x758.jpeg 768w, https:\/\/www.les-borders-et-nous.com\/wp-content\/uploads\/2025\/12\/IMG_3130.jpeg 1034w\" sizes=\"auto, (max-width: 1024px) 100vw, 1024px\" \/><\/a><\/figure>\n<\/figure>\n\n\n\n<p class=\"has-text-align-center\"><\/p>\n\n\n\n<p><\/p>\n\n\n\n<figure class=\"wp-block-gallery aligncenter has-nested-images columns-default is-cropped wp-block-gallery-2 is-layout-flex wp-block-gallery-is-layout-flex\">\n<figure class=\"wp-block-image size-large\"><a href=\"https:\/\/www.helloasso.com\/associations\/les-borders-et-nous\/evenements\/livre-dans-la-tete-du-border-collie-elsa-weiss-cynopolis?_gl=1%2aajhz3%2a_gcl_au%2aOTE0NzMzMDg2LjE3NjMwMzUwMTYuMTA3NTE5NDg1MS4xNzY0NTAxNTgwLjE3NjQ1MDE1Nzk.\"><img loading=\"lazy\" decoding=\"async\" width=\"663\" height=\"1024\" data-id=\"4287\" src=\"https:\/\/www.les-borders-et-nous.com\/wp-content\/uploads\/2025\/12\/Livre-border-1-663x1024.jpg\" alt=\"\" class=\"wp-image-4287\" srcset=\"https:\/\/www.les-borders-et-nous.com\/wp-content\/uploads\/2025\/12\/Livre-border-1-663x1024.jpg 663w, https:\/\/www.les-borders-et-nous.com\/wp-content\/uploads\/2025\/12\/Livre-border-1-194x300.jpg 194w, https:\/\/www.les-borders-et-nous.com\/wp-content\/uploads\/2025\/12\/Livre-border-1-768x1186.jpg 768w, https:\/\/www.les-borders-et-nous.com\/wp-content\/uploads\/2025\/12\/Livre-border-1.jpg 971w\" sizes=\"auto, (max-width: 663px) 100vw, 663px\" \/><\/a><\/figure>\n\n\n\n<figure class=\"wp-block-image size-large\"><a href=\"https:\/\/www.helloasso.com\/associations\/les-borders-et-nous\/evenements\/livre-dans-la-tete-du-border-collie-elsa-weiss-cynopolis?_gl=1%2aajhz3%2a_gcl_au%2aOTE0NzMzMDg2LjE3NjMwMzUwMTYuMTA3NTE5NDg1MS4xNzY0NTAxNTgwLjE3NjQ1MDE1Nzk.\"><img loading=\"lazy\" decoding=\"async\" width=\"600\" height=\"927\" data-id=\"4286\" src=\"https:\/\/www.les-borders-et-nous.com\/wp-content\/uploads\/2025\/12\/livre-border-2.jpg\" alt=\"\" class=\"wp-image-4286\" srcset=\"https:\/\/www.les-borders-et-nous.com\/wp-content\/uploads\/2025\/12\/livre-border-2.jpg 600w, https:\/\/www.les-borders-et-nous.com\/wp-content\/uploads\/2025\/12\/livre-border-2-194x300.jpg 194w\" sizes=\"auto, (max-width: 600px) 100vw, 600px\" \/><\/a><\/figure>\n<\/figure>\n\n\n\n<p><\/p>\n\n\n\n<p><\/p>\n\n\n\n<p><\/p>\n\n\n\n<p><\/p>\n\n\n\n<figure class=\"wp-block-gallery has-nested-images columns-default is-cropped wp-block-gallery-3 is-layout-flex wp-block-gallery-is-layout-flex\">\n<figure class=\"wp-block-image size-large\"><a href=\"https:\/\/www.helloasso.com\/associations\/les-borders-et-nous\/evenements\/livre-le-chien-cet-animal-qui-nous-echappe-audrey-ventura?_gl=1%2a10164oh%2a_gcl_au%2aOTE0NzMzMDg2LjE3NjMwMzUwMTYuMTA3NTE5NDg1MS4xNzY0NTAxNTgwLjE3NjQ1MDE1Nzk.\"><img loading=\"lazy\" decoding=\"async\" width=\"663\" height=\"1024\" data-id=\"4288\" src=\"https:\/\/www.les-borders-et-nous.com\/wp-content\/uploads\/2025\/12\/Livre-animal-echappe-1-663x1024.jpg\" alt=\"\" class=\"wp-image-4288\" srcset=\"https:\/\/www.les-borders-et-nous.com\/wp-content\/uploads\/2025\/12\/Livre-animal-echappe-1-663x1024.jpg 663w, https:\/\/www.les-borders-et-nous.com\/wp-content\/uploads\/2025\/12\/Livre-animal-echappe-1-194x300.jpg 194w, https:\/\/www.les-borders-et-nous.com\/wp-content\/uploads\/2025\/12\/Livre-animal-echappe-1-768x1186.jpg 768w, https:\/\/www.les-borders-et-nous.com\/wp-content\/uploads\/2025\/12\/Livre-animal-echappe-1.jpg 971w\" sizes=\"auto, (max-width: 663px) 100vw, 663px\" \/><\/a><\/figure>\n\n\n\n<figure class=\"wp-block-image size-large\"><a href=\"https:\/\/www.helloasso.com\/associations\/les-borders-et-nous\/evenements\/livre-le-chien-cet-animal-qui-nous-echappe-audrey-ventura?_gl=1%2a10164oh%2a_gcl_au%2aOTE0NzMzMDg2LjE3NjMwMzUwMTYuMTA3NTE5NDg1MS4xNzY0NTAxNTgwLjE3NjQ1MDE1Nzk.\"><img loading=\"lazy\" decoding=\"async\" width=\"600\" height=\"927\" data-id=\"4289\" src=\"https:\/\/www.les-borders-et-nous.com\/wp-content\/uploads\/2025\/12\/livre-animal-echape-2.jpg\" alt=\"\" class=\"wp-image-4289\" srcset=\"https:\/\/www.les-borders-et-nous.com\/wp-content\/uploads\/2025\/12\/livre-animal-echape-2.jpg 600w, https:\/\/www.les-borders-et-nous.com\/wp-content\/uploads\/2025\/12\/livre-animal-echape-2-194x300.jpg 194w\" sizes=\"auto, (max-width: 600px) 100vw, 600px\" \/><\/a><\/figure>\n<\/figure>\n\n\n\n<p><\/p>\n\n\n\n<p><\/p>\n\n\n\n<p><\/p>\n\n\n\n<p><\/p>\n\n\n\n<figure class=\"wp-block-gallery has-nested-images columns-default is-cropped wp-block-gallery-4 is-layout-flex wp-block-gallery-is-layout-flex\">\n<figure class=\"wp-block-image size-large\"><a href=\"https:\/\/www.helloasso.com\/associations\/les-borders-et-nous\/evenements\/pre-commande-livre-mon-chien-mon-coach-et-moi-audrey-ventura?_gl=1%2a14mjwo9%2a_gcl_au%2aOTE0NzMzMDg2LjE3NjMwMzUwMTYuMTA3NTE5NDg1MS4xNzY0NTAxNTgwLjE3NjQ1MDE1Nzk.\"><img loading=\"lazy\" decoding=\"async\" width=\"683\" height=\"1024\" data-id=\"4290\" src=\"https:\/\/www.les-borders-et-nous.com\/wp-content\/uploads\/2025\/12\/livre-coach-1.jpg\" alt=\"\" class=\"wp-image-4290\" srcset=\"https:\/\/www.les-borders-et-nous.com\/wp-content\/uploads\/2025\/12\/livre-coach-1.jpg 683w, https:\/\/www.les-borders-et-nous.com\/wp-content\/uploads\/2025\/12\/livre-coach-1-200x300.jpg 200w\" sizes=\"auto, (max-width: 683px) 100vw, 683px\" \/><\/a><\/figure>\n\n\n\n<figure class=\"wp-block-image size-large\"><a href=\"https:\/\/www.helloasso.com\/associations\/les-borders-et-nous\/evenements\/pre-commande-livre-mon-chien-mon-coach-et-moi-audrey-ventura?_gl=1%2a14mjwo9%2a_gcl_au%2aOTE0NzMzMDg2LjE3NjMwMzUwMTYuMTA3NTE5NDg1MS4xNzY0NTAxNTgwLjE3NjQ1MDE1Nzk.\"><img loading=\"lazy\" decoding=\"async\" width=\"600\" height=\"927\" data-id=\"4291\" src=\"https:\/\/www.les-borders-et-nous.com\/wp-content\/uploads\/2025\/12\/livre-coach-2.jpg\" alt=\"\" class=\"wp-image-4291\" srcset=\"https:\/\/www.les-borders-et-nous.com\/wp-content\/uploads\/2025\/12\/livre-coach-2.jpg 600w, https:\/\/www.les-borders-et-nous.com\/wp-content\/uploads\/2025\/12\/livre-coach-2-194x300.jpg 194w\" sizes=\"auto, (max-width: 600px) 100vw, 600px\" \/><\/a><\/figure>\n<\/figure>\n\n\n\n<p><\/p>\n\n\n\n<p><\/p>\n\n\n\n<p><\/p>\n\n\n\n<p><\/p>\n\n\n<div class=\"wp-block-image\">\n<figure class=\"aligncenter size-large\"><a href=\"https:\/\/www.helloasso.com\/associations\/les-borders-et-nous\/evenements\/le-chien-cet-animal-qui-nous-echape-le-jeu?_gl=1%2a1y46v2q%2a_gcl_au%2aOTE0NzMzMDg2LjE3NjMwMzUwMTYuMTA3NTE5NDg1MS4xNzY0NTAxNTgwLjE3NjQ1MDE1Nzk.\"><img loading=\"lazy\" decoding=\"async\" width=\"1024\" height=\"576\" src=\"https:\/\/www.les-borders-et-nous.com\/wp-content\/uploads\/2025\/12\/482024999_655570540343276_1662521370748944038_n-1024x576.jpg\" alt=\"\" class=\"wp-image-4292\" srcset=\"https:\/\/www.les-borders-et-nous.com\/wp-content\/uploads\/2025\/12\/482024999_655570540343276_1662521370748944038_n-1024x576.jpg 1024w, https:\/\/www.les-borders-et-nous.com\/wp-content\/uploads\/2025\/12\/482024999_655570540343276_1662521370748944038_n-300x169.jpg 300w, https:\/\/www.les-borders-et-nous.com\/wp-content\/uploads\/2025\/12\/482024999_655570540343276_1662521370748944038_n-768x432.jpg 768w, https:\/\/www.les-borders-et-nous.com\/wp-content\/uploads\/2025\/12\/482024999_655570540343276_1662521370748944038_n-1536x864.jpg 1536w, https:\/\/www.les-borders-et-nous.com\/wp-content\/uploads\/2025\/12\/482024999_655570540343276_1662521370748944038_n.jpg 1920w\" sizes=\"auto, (max-width: 1024px) 100vw, 1024px\" \/><\/a><\/figure>\n<\/div>\n\n\n<p><\/p>\n\n\n\n<p><\/p>\n\n\n\n<p><\/p>\n\n\n\n<p><\/p>\n\n\n\n<p><\/p>\n\n\n\n<p><\/p>\n\n\n\n<p><\/p>\n\n\n\n<p><\/p>\n\n\n\n<p><\/p>\n\n\n\n<p><\/p>\n\n\n\n<p><\/p>\n\n\n\n<p><\/p>\n\n\n\n<p><\/p>\n\n\n\n<p><\/p>\n\n\n\n<p><\/p>\n\n\n\n<p><\/p>\n","protected":false},"excerpt":{"rendered":"<p>L\u2019association Les Borders et Nous vous propose une s\u00e9lection de produits solidaires ! Chaque achat contribue directement \u00e0 nos actions : l\u2019int\u00e9gralit\u00e9 des b\u00e9n\u00e9fices est revers\u00e9e \u00e0 l\u2019association pour soutenir la prise en charge de nos prot\u00e9g\u00e9s. \ud83d\udcb6 Tarifs : Livres et jeu : 20 \u20ac Tasse : 15 \u20ac \ud83d\udce6 Frais de port : [&hellip;]<\/p>\n","protected":false},"author":1,"featured_media":0,"parent":0,"menu_order":0,"comment_status":"closed","ping_status":"closed","template":"","meta":{"footnotes":""},"class_list":["post-1635","page","type-page","status-publish","hentry"],"_links":{"self":[{"href":"https:\/\/www.les-borders-et-nous.com\/index.php\/wp-json\/wp\/v2\/pages\/1635","targetHints":{"allow":["GET"]}}],"collection":[{"href":"https:\/\/www.les-borders-et-nous.com\/index.php\/wp-json\/wp\/v2\/pages"}],"about":[{"href":"https:\/\/www.les-borders-et-nous.com\/index.php\/wp-json\/wp\/v2\/types\/page"}],"author":[{"embeddable":true,"href":"https:\/\/www.les-borders-et-nous.com\/index.php\/wp-json\/wp\/v2\/users\/1"}],"replies":[{"embeddable":true,"href":"https:\/\/www.les-borders-et-nous.com\/index.php\/wp-json\/wp\/v2\/comments?post=1635"}],"version-history":[{"count":39,"href":"https:\/\/www.les-borders-et-nous.com\/index.php\/wp-json\/wp\/v2\/pages\/1635\/revisions"}],"predecessor-version":[{"id":4309,"href":"https:\/\/www.les-borders-et-nous.com\/index.php\/wp-json\/wp\/v2\/pages\/1635\/revisions\/4309"}],"wp:attachment":[{"href":"https:\/\/www.les-borders-et-nous.com\/index.php\/wp-json\/wp\/v2\/media?parent=1635"}],"curies":[{"name":"wp","href":"https:\/\/api.w.org\/{rel}","templated":true}]}}