{"id":167,"date":"2021-04-06T23:01:42","date_gmt":"2021-04-06T21:01:42","guid":{"rendered":"http:\/\/ikvdhtc.cluster029.hosting.ovh.net\/?page_id=167"},"modified":"2025-05-03T19:15:36","modified_gmt":"2025-05-03T17:15:36","slug":"adopter","status":"publish","type":"page","link":"https:\/\/www.les-borders-et-nous.com\/index.php\/adopter\/","title":{"rendered":"Formulaire de candidature"},"content":{"rendered":"\n<p class=\"has-text-align-left\">CANDIDATURE&nbsp;:<\/p>\n\n\n\n<p class=\"has-text-align-left\">Vous souhaiter faire une candidature pour l\u2019un de nos prot\u00e9g\u00e9s&nbsp;?<\/p>\n\n\n\n<p class=\"has-text-align-left\">Faites votre demande de formulaire par mail \u00e0 <a href=\"mailto:les.borders.et.nous@gmail.com\">les.borders.et.nous@gmail.com<\/a> ou directement en ligne ici:<\/p>\n\n\n\n<div data-wp-interactive=\"core\/file\" class=\"wp-block-file\"><object data-wp-bind--hidden=\"!state.hasPdfPreview\" hidden class=\"wp-block-file__embed\" data=\"https:\/\/www.les-borders-et-nous.com\/wp-content\/uploads\/2025\/05\/Formulaire_Candidature-Adoptants.pdf\" type=\"application\/pdf\" style=\"width:100%;height:600px\" aria-label=\"Contenu embarqu\u00e9 Formulaire_Candidature Adoptants.\"><\/object><a id=\"wp-block-file--media-95d535cc-e55a-4d7b-9816-eb5b8506a541\" href=\"https:\/\/www.les-borders-et-nous.com\/wp-content\/uploads\/2025\/05\/Formulaire_Candidature-Adoptants.pdf\">Formulaire_Candidature Adoptants<\/a><a href=\"https:\/\/www.les-borders-et-nous.com\/wp-content\/uploads\/2025\/05\/Formulaire_Candidature-Adoptants.pdf\" class=\"wp-block-file__button wp-element-button\" download aria-describedby=\"wp-block-file--media-95d535cc-e55a-4d7b-9816-eb5b8506a541\">T\u00e9l\u00e9charger<\/a><\/div>\n\n\n\n<div data-wp-interactive=\"core\/file\" class=\"wp-block-file\"><object data-wp-bind--hidden=\"!state.hasPdfPreview\" hidden class=\"wp-block-file__embed\" data=\"https:\/\/www.les-borders-et-nous.com\/wp-content\/uploads\/2025\/05\/Formulaire-Candidature-Famille-daccueil.pdf\" type=\"application\/pdf\" style=\"width:100%;height:600px\" aria-label=\"Contenu embarqu\u00e9 Formulaire Candidature Famille d&apos;accueil.\"><\/object><a id=\"wp-block-file--media-4fc20051-b17c-4170-9a12-4a2f1f8acb6d\" href=\"https:\/\/www.les-borders-et-nous.com\/wp-content\/uploads\/2025\/05\/Formulaire-Candidature-Famille-daccueil.pdf\">Formulaire Candidature Famille d&rsquo;accueil<\/a><a href=\"https:\/\/www.les-borders-et-nous.com\/wp-content\/uploads\/2025\/05\/Formulaire-Candidature-Famille-daccueil.pdf\" class=\"wp-block-file__button wp-element-button\" download aria-describedby=\"wp-block-file--media-4fc20051-b17c-4170-9a12-4a2f1f8acb6d\">T\u00e9l\u00e9charger<\/a><\/div>\n\n\n\n<p><\/p>\n\n\n\n<h6 class=\"wp-block-heading has-text-align-center\">Association Les Borders Et Nous &#8211; Inscrite au Tribunal Judiciaire de SARREGUEMINES&nbsp;<\/h6>\n\n\n\n<h6 class=\"wp-block-heading has-text-align-center\">Num\u00e9ro SIRET 899 622 351 00026<\/h6>\n\n\n\n<p><\/p>\n","protected":false},"excerpt":{"rendered":"<p>CANDIDATURE&nbsp;: Vous souhaiter faire une candidature pour l\u2019un de nos prot\u00e9g\u00e9s&nbsp;? Faites votre demande de formulaire par mail \u00e0 les.borders.et.nous@gmail.com ou directement en ligne ici: Association Les Borders Et Nous &#8211; Inscrite au Tribunal Judiciaire de SARREGUEMINES&nbsp; Num\u00e9ro SIRET 899 622 351 00026<\/p>\n","protected":false},"author":1,"featured_media":0,"parent":0,"menu_order":0,"comment_status":"closed","ping_status":"closed","template":"","meta":{"footnotes":""},"class_list":["post-167","page","type-page","status-publish","hentry"],"_links":{"self":[{"href":"https:\/\/www.les-borders-et-nous.com\/index.php\/wp-json\/wp\/v2\/pages\/167","targetHints":{"allow":["GET"]}}],"collection":[{"href":"https:\/\/www.les-borders-et-nous.com\/index.php\/wp-json\/wp\/v2\/pages"}],"about":[{"href":"https:\/\/www.les-borders-et-nous.com\/index.php\/wp-json\/wp\/v2\/types\/page"}],"author":[{"embeddable":true,"href":"https:\/\/www.les-borders-et-nous.com\/index.php\/wp-json\/wp\/v2\/users\/1"}],"replies":[{"embeddable":true,"href":"https:\/\/www.les-borders-et-nous.com\/index.php\/wp-json\/wp\/v2\/comments?post=167"}],"version-history":[{"count":18,"href":"https:\/\/www.les-borders-et-nous.com\/index.php\/wp-json\/wp\/v2\/pages\/167\/revisions"}],"predecessor-version":[{"id":3977,"href":"https:\/\/www.les-borders-et-nous.com\/index.php\/wp-json\/wp\/v2\/pages\/167\/revisions\/3977"}],"wp:attachment":[{"href":"https:\/\/www.les-borders-et-nous.com\/index.php\/wp-json\/wp\/v2\/media?parent=167"}],"curies":[{"name":"wp","href":"https:\/\/api.w.org\/{rel}","templated":true}]}}