{"id":480,"date":"2021-04-08T22:55:41","date_gmt":"2021-04-08T20:55:41","guid":{"rendered":"http:\/\/ikvdhtc.cluster029.hosting.ovh.net\/?page_id=480"},"modified":"2026-03-23T12:36:39","modified_gmt":"2026-03-23T11:36:39","slug":"grace-a-vous","status":"publish","type":"page","link":"https:\/\/www.les-borders-et-nous.com\/index.php\/grace-a-vous\/","title":{"rendered":"Bilans \/ AGO"},"content":{"rendered":"\n<p class=\"has-text-align-center\">Parce que vos dons sont importants pour aider nos prot\u00e9g\u00e9s, et pour qu\u2019ils aient un sens pour vous&#8230;<\/p>\n\n\n\n<p class=\"has-text-align-center\">Nous vous informons (sur cette page) chaque d\u00e9but d\u2019ann\u00e9e, (pour l\u2019ann\u00e9e pr\u00e9c\u00e9dente), des actions men\u00e9es, des frais et des prises en charge faites par l\u2019association <em>LES BORDERS ET NOUS<\/em>.<\/p>\n\n\n\n<p class=\"has-text-align-center\">Nous vous remercions pour votre soutient, financier et moral !<\/p>\n\n\n\n<p>Tous les dons et b\u00e9n\u00e9fices nous permettent de prendre en charge:<\/p>\n\n\n\n<ul id=\"block-04fc4756-4406-4fc8-9948-5158534f1f20\" class=\"wp-block-list\">\n<li>les frais v\u00e9t\u00e9rinaires<\/li>\n\n\n\n<li>les soins et la nourriture de nos prot\u00e9g\u00e9s<\/li>\n\n\n\n<li>les frais de fonctionnements de l&rsquo;association<\/li>\n\n\n\n<li>le mat\u00e9riel canin (et son renouvellement)<\/li>\n\n\n\n<li>les frais kilom\u00e9triques pour les grandes distances ( r\u00e9cup\u00e9rer un chien dans d&rsquo;autres r\u00e9gions par-exemple)<\/li>\n<\/ul>\n\n\n\n<p><\/p>\n\n\n\n<p><\/p>\n\n\n\n<figure class=\"wp-block-gallery has-nested-images columns-default is-cropped wp-block-gallery-1 is-layout-flex wp-block-gallery-is-layout-flex\">\n<figure class=\"wp-block-image size-large\"><img loading=\"lazy\" decoding=\"async\" width=\"736\" height=\"1024\" data-id=\"4507\" src=\"https:\/\/www.les-borders-et-nous.com\/wp-content\/uploads\/2026\/03\/IMG_5981-736x1024.jpeg\" alt=\"\" class=\"wp-image-4507\" srcset=\"https:\/\/www.les-borders-et-nous.com\/wp-content\/uploads\/2026\/03\/IMG_5981-736x1024.jpeg 736w, https:\/\/www.les-borders-et-nous.com\/wp-content\/uploads\/2026\/03\/IMG_5981-216x300.jpeg 216w, https:\/\/www.les-borders-et-nous.com\/wp-content\/uploads\/2026\/03\/IMG_5981-768x1068.jpeg 768w, https:\/\/www.les-borders-et-nous.com\/wp-content\/uploads\/2026\/03\/IMG_5981.jpeg 1065w\" sizes=\"auto, (max-width: 736px) 100vw, 736px\" \/><\/figure>\n\n\n\n<figure class=\"wp-block-image size-large\"><img loading=\"lazy\" decoding=\"async\" width=\"726\" height=\"1024\" data-id=\"4506\" src=\"https:\/\/www.les-borders-et-nous.com\/wp-content\/uploads\/2026\/03\/IMG_5982-726x1024.jpeg\" alt=\"\" class=\"wp-image-4506\" srcset=\"https:\/\/www.les-borders-et-nous.com\/wp-content\/uploads\/2026\/03\/IMG_5982-726x1024.jpeg 726w, https:\/\/www.les-borders-et-nous.com\/wp-content\/uploads\/2026\/03\/IMG_5982-213x300.jpeg 213w, https:\/\/www.les-borders-et-nous.com\/wp-content\/uploads\/2026\/03\/IMG_5982-768x1083.jpeg 768w, https:\/\/www.les-borders-et-nous.com\/wp-content\/uploads\/2026\/03\/IMG_5982.jpeg 1059w\" sizes=\"auto, (max-width: 726px) 100vw, 726px\" \/><\/figure>\n\n\n\n<figure class=\"wp-block-image size-large\"><img loading=\"lazy\" decoding=\"async\" width=\"724\" height=\"1024\" data-id=\"4508\" src=\"https:\/\/www.les-borders-et-nous.com\/wp-content\/uploads\/2026\/03\/IMG_5983-724x1024.jpeg\" alt=\"\" class=\"wp-image-4508\" srcset=\"https:\/\/www.les-borders-et-nous.com\/wp-content\/uploads\/2026\/03\/IMG_5983-724x1024.jpeg 724w, https:\/\/www.les-borders-et-nous.com\/wp-content\/uploads\/2026\/03\/IMG_5983-212x300.jpeg 212w, https:\/\/www.les-borders-et-nous.com\/wp-content\/uploads\/2026\/03\/IMG_5983-768x1086.jpeg 768w, https:\/\/www.les-borders-et-nous.com\/wp-content\/uploads\/2026\/03\/IMG_5983.jpeg 1052w\" sizes=\"auto, (max-width: 724px) 100vw, 724px\" \/><\/figure>\n\n\n\n<figure class=\"wp-block-image size-large\"><img loading=\"lazy\" decoding=\"async\" width=\"741\" height=\"1024\" data-id=\"4504\" src=\"https:\/\/www.les-borders-et-nous.com\/wp-content\/uploads\/2026\/03\/IMG_5985-741x1024.jpeg\" alt=\"\" class=\"wp-image-4504\" srcset=\"https:\/\/www.les-borders-et-nous.com\/wp-content\/uploads\/2026\/03\/IMG_5985-741x1024.jpeg 741w, https:\/\/www.les-borders-et-nous.com\/wp-content\/uploads\/2026\/03\/IMG_5985-217x300.jpeg 217w, https:\/\/www.les-borders-et-nous.com\/wp-content\/uploads\/2026\/03\/IMG_5985-768x1061.jpeg 768w, https:\/\/www.les-borders-et-nous.com\/wp-content\/uploads\/2026\/03\/IMG_5985.jpeg 1062w\" sizes=\"auto, (max-width: 741px) 100vw, 741px\" \/><\/figure>\n\n\n\n<figure class=\"wp-block-image size-large\"><img loading=\"lazy\" decoding=\"async\" width=\"725\" height=\"1024\" data-id=\"4505\" src=\"https:\/\/www.les-borders-et-nous.com\/wp-content\/uploads\/2026\/03\/IMG_5984-725x1024.jpeg\" alt=\"\" class=\"wp-image-4505\" srcset=\"https:\/\/www.les-borders-et-nous.com\/wp-content\/uploads\/2026\/03\/IMG_5984-725x1024.jpeg 725w, https:\/\/www.les-borders-et-nous.com\/wp-content\/uploads\/2026\/03\/IMG_5984-213x300.jpeg 213w, https:\/\/www.les-borders-et-nous.com\/wp-content\/uploads\/2026\/03\/IMG_5984-768x1084.jpeg 768w, https:\/\/www.les-borders-et-nous.com\/wp-content\/uploads\/2026\/03\/IMG_5984.jpeg 1057w\" sizes=\"auto, (max-width: 725px) 100vw, 725px\" \/><\/figure>\n\n\n\n<figure class=\"wp-block-image size-large\"><img loading=\"lazy\" decoding=\"async\" width=\"726\" height=\"1024\" data-id=\"4509\" src=\"https:\/\/www.les-borders-et-nous.com\/wp-content\/uploads\/2026\/03\/IMG_5986-726x1024.jpeg\" alt=\"\" class=\"wp-image-4509\" srcset=\"https:\/\/www.les-borders-et-nous.com\/wp-content\/uploads\/2026\/03\/IMG_5986-726x1024.jpeg 726w, https:\/\/www.les-borders-et-nous.com\/wp-content\/uploads\/2026\/03\/IMG_5986-213x300.jpeg 213w, https:\/\/www.les-borders-et-nous.com\/wp-content\/uploads\/2026\/03\/IMG_5986-768x1083.jpeg 768w, https:\/\/www.les-borders-et-nous.com\/wp-content\/uploads\/2026\/03\/IMG_5986.jpeg 1056w\" sizes=\"auto, (max-width: 726px) 100vw, 726px\" \/><\/figure>\n\n\n\n<figure class=\"wp-block-image size-large\"><img loading=\"lazy\" decoding=\"async\" width=\"1024\" height=\"1024\" data-id=\"4510\" src=\"https:\/\/www.les-borders-et-nous.com\/wp-content\/uploads\/2026\/03\/9135c6c3f2d8c9aef3031f37a2ec7e54-1024x1024.jpeg\" alt=\"\" class=\"wp-image-4510\" srcset=\"https:\/\/www.les-borders-et-nous.com\/wp-content\/uploads\/2026\/03\/9135c6c3f2d8c9aef3031f37a2ec7e54-1024x1024.jpeg 1024w, https:\/\/www.les-borders-et-nous.com\/wp-content\/uploads\/2026\/03\/9135c6c3f2d8c9aef3031f37a2ec7e54-300x300.jpeg 300w, https:\/\/www.les-borders-et-nous.com\/wp-content\/uploads\/2026\/03\/9135c6c3f2d8c9aef3031f37a2ec7e54-150x150.jpeg 150w, https:\/\/www.les-borders-et-nous.com\/wp-content\/uploads\/2026\/03\/9135c6c3f2d8c9aef3031f37a2ec7e54-768x768.jpeg 768w, https:\/\/www.les-borders-et-nous.com\/wp-content\/uploads\/2026\/03\/9135c6c3f2d8c9aef3031f37a2ec7e54-1536x1536.jpeg 1536w, https:\/\/www.les-borders-et-nous.com\/wp-content\/uploads\/2026\/03\/9135c6c3f2d8c9aef3031f37a2ec7e54.jpeg 2048w\" sizes=\"auto, (max-width: 1024px) 100vw, 1024px\" \/><\/figure>\n<figcaption class=\"blocks-gallery-caption wp-element-caption\"><strong>AGO DU 21 MARS 2026 &#8211; BILAN 202<\/strong>5<\/figcaption><\/figure>\n\n\n\n<p><\/p>\n\n\n\n<p><\/p>\n\n\n\n<p><\/p>\n\n\n\n<figure class=\"wp-block-gallery has-nested-images columns-default is-cropped wp-block-gallery-2 is-layout-flex wp-block-gallery-is-layout-flex\">\n<figure class=\"wp-block-image size-large\"><img loading=\"lazy\" decoding=\"async\" width=\"724\" height=\"1024\" data-id=\"3472\" src=\"https:\/\/www.les-borders-et-nous.com\/wp-content\/uploads\/2024\/02\/1-12-724x1024.jpg\" alt=\"\" class=\"wp-image-3472\" srcset=\"https:\/\/www.les-borders-et-nous.com\/wp-content\/uploads\/2024\/02\/1-12-724x1024.jpg 724w, https:\/\/www.les-borders-et-nous.com\/wp-content\/uploads\/2024\/02\/1-12-212x300.jpg 212w, https:\/\/www.les-borders-et-nous.com\/wp-content\/uploads\/2024\/02\/1-12-768x1087.jpg 768w, https:\/\/www.les-borders-et-nous.com\/wp-content\/uploads\/2024\/02\/1-12.jpg 1056w\" sizes=\"auto, (max-width: 724px) 100vw, 724px\" \/><\/figure>\n\n\n\n<figure class=\"wp-block-image size-large\"><img loading=\"lazy\" decoding=\"async\" width=\"621\" height=\"1024\" data-id=\"3474\" src=\"https:\/\/www.les-borders-et-nous.com\/wp-content\/uploads\/2024\/02\/2-9-621x1024.jpg\" alt=\"\" class=\"wp-image-3474\" srcset=\"https:\/\/www.les-borders-et-nous.com\/wp-content\/uploads\/2024\/02\/2-9-621x1024.jpg 621w, https:\/\/www.les-borders-et-nous.com\/wp-content\/uploads\/2024\/02\/2-9-182x300.jpg 182w, https:\/\/www.les-borders-et-nous.com\/wp-content\/uploads\/2024\/02\/2-9-768x1266.jpg 768w, https:\/\/www.les-borders-et-nous.com\/wp-content\/uploads\/2024\/02\/2-9-932x1536.jpg 932w, https:\/\/www.les-borders-et-nous.com\/wp-content\/uploads\/2024\/02\/2-9.jpg 1125w\" sizes=\"auto, (max-width: 621px) 100vw, 621px\" \/><\/figure>\n\n\n\n<figure class=\"wp-block-image size-large\"><img loading=\"lazy\" decoding=\"async\" width=\"579\" height=\"1024\" data-id=\"3476\" src=\"https:\/\/www.les-borders-et-nous.com\/wp-content\/uploads\/2024\/02\/3-9-579x1024.jpg\" alt=\"\" class=\"wp-image-3476\" srcset=\"https:\/\/www.les-borders-et-nous.com\/wp-content\/uploads\/2024\/02\/3-9-579x1024.jpg 579w, https:\/\/www.les-borders-et-nous.com\/wp-content\/uploads\/2024\/02\/3-9-170x300.jpg 170w, https:\/\/www.les-borders-et-nous.com\/wp-content\/uploads\/2024\/02\/3-9-768x1359.jpg 768w, https:\/\/www.les-borders-et-nous.com\/wp-content\/uploads\/2024\/02\/3-9-868x1536.jpg 868w, https:\/\/www.les-borders-et-nous.com\/wp-content\/uploads\/2024\/02\/3-9.jpg 1125w\" sizes=\"auto, (max-width: 579px) 100vw, 579px\" \/><\/figure>\n\n\n\n<figure class=\"wp-block-image size-large\"><img loading=\"lazy\" decoding=\"async\" width=\"717\" height=\"1024\" data-id=\"3471\" src=\"https:\/\/www.les-borders-et-nous.com\/wp-content\/uploads\/2024\/02\/4-8-717x1024.jpg\" alt=\"\" class=\"wp-image-3471\" srcset=\"https:\/\/www.les-borders-et-nous.com\/wp-content\/uploads\/2024\/02\/4-8-717x1024.jpg 717w, https:\/\/www.les-borders-et-nous.com\/wp-content\/uploads\/2024\/02\/4-8-210x300.jpg 210w, https:\/\/www.les-borders-et-nous.com\/wp-content\/uploads\/2024\/02\/4-8-768x1097.jpg 768w, https:\/\/www.les-borders-et-nous.com\/wp-content\/uploads\/2024\/02\/4-8.jpg 1042w\" sizes=\"auto, (max-width: 717px) 100vw, 717px\" \/><\/figure>\n\n\n\n<figure class=\"wp-block-image size-large\"><img loading=\"lazy\" decoding=\"async\" width=\"704\" height=\"1024\" data-id=\"3475\" src=\"https:\/\/www.les-borders-et-nous.com\/wp-content\/uploads\/2024\/02\/5-7-704x1024.jpg\" alt=\"\" class=\"wp-image-3475\" srcset=\"https:\/\/www.les-borders-et-nous.com\/wp-content\/uploads\/2024\/02\/5-7-704x1024.jpg 704w, https:\/\/www.les-borders-et-nous.com\/wp-content\/uploads\/2024\/02\/5-7-206x300.jpg 206w, https:\/\/www.les-borders-et-nous.com\/wp-content\/uploads\/2024\/02\/5-7-768x1118.jpg 768w, https:\/\/www.les-borders-et-nous.com\/wp-content\/uploads\/2024\/02\/5-7.jpg 1024w\" sizes=\"auto, (max-width: 704px) 100vw, 704px\" \/><\/figure>\n\n\n\n<figure class=\"wp-block-image size-large\"><img loading=\"lazy\" decoding=\"async\" width=\"748\" height=\"1024\" data-id=\"3473\" src=\"https:\/\/www.les-borders-et-nous.com\/wp-content\/uploads\/2024\/02\/6-4-748x1024.jpg\" alt=\"\" class=\"wp-image-3473\" srcset=\"https:\/\/www.les-borders-et-nous.com\/wp-content\/uploads\/2024\/02\/6-4-748x1024.jpg 748w, https:\/\/www.les-borders-et-nous.com\/wp-content\/uploads\/2024\/02\/6-4-219x300.jpg 219w, https:\/\/www.les-borders-et-nous.com\/wp-content\/uploads\/2024\/02\/6-4-768x1052.jpg 768w, https:\/\/www.les-borders-et-nous.com\/wp-content\/uploads\/2024\/02\/6-4.jpg 1024w\" sizes=\"auto, (max-width: 748px) 100vw, 748px\" \/><\/figure>\n<figcaption class=\"blocks-gallery-caption wp-element-caption\"><strong>AGO DU 20 JANVIER 2024 &#8211; BILAN 2023<\/strong><\/figcaption><\/figure>\n\n\n\n<p><br><\/p>\n\n\n\n<figure class=\"wp-block-gallery aligncenter has-nested-images columns-default is-cropped wp-block-gallery-3 is-layout-flex wp-block-gallery-is-layout-flex\"><div class=\"wp-block-image is-style-default\">\n<figure class=\"aligncenter size-large\"><img loading=\"lazy\" decoding=\"async\" width=\"1024\" height=\"586\" data-id=\"2813\" src=\"https:\/\/www.les-borders-et-nous.com\/wp-content\/uploads\/2023\/02\/1-1-1024x586.jpg\" alt=\"\" class=\"wp-image-2813\" srcset=\"https:\/\/www.les-borders-et-nous.com\/wp-content\/uploads\/2023\/02\/1-1-1024x586.jpg 1024w, https:\/\/www.les-borders-et-nous.com\/wp-content\/uploads\/2023\/02\/1-1-300x172.jpg 300w, https:\/\/www.les-borders-et-nous.com\/wp-content\/uploads\/2023\/02\/1-1-768x440.jpg 768w, https:\/\/www.les-borders-et-nous.com\/wp-content\/uploads\/2023\/02\/1-1.jpg 1125w\" sizes=\"auto, (max-width: 1024px) 100vw, 1024px\" \/><\/figure>\n<\/div>\n\n<div class=\"wp-block-image\">\n<figure class=\"aligncenter size-large\"><img loading=\"lazy\" decoding=\"async\" width=\"531\" height=\"1024\" data-id=\"2811\" src=\"https:\/\/www.les-borders-et-nous.com\/wp-content\/uploads\/2023\/02\/2-1-531x1024.jpg\" alt=\"\" class=\"wp-image-2811\" srcset=\"https:\/\/www.les-borders-et-nous.com\/wp-content\/uploads\/2023\/02\/2-1-531x1024.jpg 531w, https:\/\/www.les-borders-et-nous.com\/wp-content\/uploads\/2023\/02\/2-1-155x300.jpg 155w, https:\/\/www.les-borders-et-nous.com\/wp-content\/uploads\/2023\/02\/2-1-768x1482.jpg 768w, https:\/\/www.les-borders-et-nous.com\/wp-content\/uploads\/2023\/02\/2-1-796x1536.jpg 796w, https:\/\/www.les-borders-et-nous.com\/wp-content\/uploads\/2023\/02\/2-1.jpg 1061w\" sizes=\"auto, (max-width: 531px) 100vw, 531px\" \/><\/figure>\n<\/div>\n\n<div class=\"wp-block-image\">\n<figure class=\"aligncenter size-large\"><img loading=\"lazy\" decoding=\"async\" width=\"1024\" height=\"768\" data-id=\"2812\" src=\"https:\/\/www.les-borders-et-nous.com\/wp-content\/uploads\/2023\/02\/3-1-1024x768.jpg\" alt=\"\" class=\"wp-image-2812\" srcset=\"https:\/\/www.les-borders-et-nous.com\/wp-content\/uploads\/2023\/02\/3-1-1024x768.jpg 1024w, https:\/\/www.les-borders-et-nous.com\/wp-content\/uploads\/2023\/02\/3-1-300x225.jpg 300w, https:\/\/www.les-borders-et-nous.com\/wp-content\/uploads\/2023\/02\/3-1-768x576.jpg 768w, https:\/\/www.les-borders-et-nous.com\/wp-content\/uploads\/2023\/02\/3-1.jpg 1286w\" sizes=\"auto, (max-width: 1024px) 100vw, 1024px\" \/><\/figure>\n<\/div><figcaption class=\"blocks-gallery-caption wp-element-caption\"><strong>AGO du 04 f\u00e9vrier 2023 &#8211; Bilan ann\u00e9e 2022<\/strong><\/figcaption><\/figure>\n\n\n\n<p><\/p>\n\n\n\n<figure class=\"wp-block-gallery has-nested-images columns-default is-cropped aligncenter wp-block-gallery-4 is-layout-flex wp-block-gallery-is-layout-flex\">\n<figure class=\"wp-block-image size-large\"><img loading=\"lazy\" decoding=\"async\" width=\"604\" height=\"1024\" data-id=\"2057\" src=\"https:\/\/www.les-borders-et-nous.com\/wp-content\/uploads\/2022\/03\/275061248_327455812764255_4125500266711404028_n-604x1024.jpg\" alt=\"\" class=\"wp-image-2057\" srcset=\"https:\/\/www.les-borders-et-nous.com\/wp-content\/uploads\/2022\/03\/275061248_327455812764255_4125500266711404028_n-604x1024.jpg 604w, https:\/\/www.les-borders-et-nous.com\/wp-content\/uploads\/2022\/03\/275061248_327455812764255_4125500266711404028_n-177x300.jpg 177w, https:\/\/www.les-borders-et-nous.com\/wp-content\/uploads\/2022\/03\/275061248_327455812764255_4125500266711404028_n-768x1301.jpg 768w, https:\/\/www.les-borders-et-nous.com\/wp-content\/uploads\/2022\/03\/275061248_327455812764255_4125500266711404028_n-907x1536.jpg 907w, https:\/\/www.les-borders-et-nous.com\/wp-content\/uploads\/2022\/03\/275061248_327455812764255_4125500266711404028_n.jpg 1125w\" sizes=\"auto, (max-width: 604px) 100vw, 604px\" \/><\/figure>\n\n\n\n<figure class=\"wp-block-image size-large\"><img loading=\"lazy\" decoding=\"async\" width=\"610\" height=\"1024\" data-id=\"2055\" src=\"https:\/\/www.les-borders-et-nous.com\/wp-content\/uploads\/2022\/03\/274990328_327455869430916_3692383463878535313_n-610x1024.jpg\" alt=\"\" class=\"wp-image-2055\" srcset=\"https:\/\/www.les-borders-et-nous.com\/wp-content\/uploads\/2022\/03\/274990328_327455869430916_3692383463878535313_n-610x1024.jpg 610w, https:\/\/www.les-borders-et-nous.com\/wp-content\/uploads\/2022\/03\/274990328_327455869430916_3692383463878535313_n-179x300.jpg 179w, https:\/\/www.les-borders-et-nous.com\/wp-content\/uploads\/2022\/03\/274990328_327455869430916_3692383463878535313_n-768x1289.jpg 768w, https:\/\/www.les-borders-et-nous.com\/wp-content\/uploads\/2022\/03\/274990328_327455869430916_3692383463878535313_n-915x1536.jpg 915w, https:\/\/www.les-borders-et-nous.com\/wp-content\/uploads\/2022\/03\/274990328_327455869430916_3692383463878535313_n.jpg 1125w\" sizes=\"auto, (max-width: 610px) 100vw, 610px\" \/><\/figure>\n\n\n\n<figure class=\"wp-block-image size-large\"><img loading=\"lazy\" decoding=\"async\" width=\"768\" height=\"1024\" data-id=\"2056\" src=\"https:\/\/www.les-borders-et-nous.com\/wp-content\/uploads\/2022\/03\/275017750_327455759430927_4490333708397473887_n-768x1024.jpg\" alt=\"\" class=\"wp-image-2056\" srcset=\"https:\/\/www.les-borders-et-nous.com\/wp-content\/uploads\/2022\/03\/275017750_327455759430927_4490333708397473887_n-768x1024.jpg 768w, https:\/\/www.les-borders-et-nous.com\/wp-content\/uploads\/2022\/03\/275017750_327455759430927_4490333708397473887_n-225x300.jpg 225w, https:\/\/www.les-borders-et-nous.com\/wp-content\/uploads\/2022\/03\/275017750_327455759430927_4490333708397473887_n-1152x1536.jpg 1152w, https:\/\/www.les-borders-et-nous.com\/wp-content\/uploads\/2022\/03\/275017750_327455759430927_4490333708397473887_n.jpg 1536w\" sizes=\"auto, (max-width: 768px) 100vw, 768px\" \/><\/figure>\n\n\n\n<figure class=\"wp-block-image size-large\"><img loading=\"lazy\" decoding=\"async\" width=\"1024\" height=\"768\" data-id=\"2059\" src=\"https:\/\/www.les-borders-et-nous.com\/wp-content\/uploads\/2022\/03\/275001248_327455719430931_5164415748194753781_n-1024x768.jpg\" alt=\"\" class=\"wp-image-2059\" srcset=\"https:\/\/www.les-borders-et-nous.com\/wp-content\/uploads\/2022\/03\/275001248_327455719430931_5164415748194753781_n-1024x768.jpg 1024w, https:\/\/www.les-borders-et-nous.com\/wp-content\/uploads\/2022\/03\/275001248_327455719430931_5164415748194753781_n-300x225.jpg 300w, https:\/\/www.les-borders-et-nous.com\/wp-content\/uploads\/2022\/03\/275001248_327455719430931_5164415748194753781_n-768x576.jpg 768w, https:\/\/www.les-borders-et-nous.com\/wp-content\/uploads\/2022\/03\/275001248_327455719430931_5164415748194753781_n-1536x1152.jpg 1536w, https:\/\/www.les-borders-et-nous.com\/wp-content\/uploads\/2022\/03\/275001248_327455719430931_5164415748194753781_n.jpg 2048w\" sizes=\"auto, (max-width: 1024px) 100vw, 1024px\" \/><\/figure>\n\n\n\n<figure class=\"wp-block-image size-large\"><img loading=\"lazy\" decoding=\"async\" width=\"1024\" height=\"768\" data-id=\"2062\" src=\"https:\/\/www.les-borders-et-nous.com\/wp-content\/uploads\/2022\/03\/275061410_327455742764262_5202015892531782398_n-1024x768.jpg\" alt=\"\" class=\"wp-image-2062\" srcset=\"https:\/\/www.les-borders-et-nous.com\/wp-content\/uploads\/2022\/03\/275061410_327455742764262_5202015892531782398_n-1024x768.jpg 1024w, https:\/\/www.les-borders-et-nous.com\/wp-content\/uploads\/2022\/03\/275061410_327455742764262_5202015892531782398_n-300x225.jpg 300w, https:\/\/www.les-borders-et-nous.com\/wp-content\/uploads\/2022\/03\/275061410_327455742764262_5202015892531782398_n-768x576.jpg 768w, https:\/\/www.les-borders-et-nous.com\/wp-content\/uploads\/2022\/03\/275061410_327455742764262_5202015892531782398_n-1536x1152.jpg 1536w, https:\/\/www.les-borders-et-nous.com\/wp-content\/uploads\/2022\/03\/275061410_327455742764262_5202015892531782398_n.jpg 2048w\" sizes=\"auto, (max-width: 1024px) 100vw, 1024px\" \/><\/figure>\n\n\n\n<figure class=\"wp-block-image size-large\"><img loading=\"lazy\" decoding=\"async\" width=\"768\" height=\"1024\" data-id=\"2063\" src=\"https:\/\/www.les-borders-et-nous.com\/wp-content\/uploads\/2022\/03\/275053329_327455802764256_3801170485667456566_n-768x1024.jpg\" alt=\"\" class=\"wp-image-2063\" srcset=\"https:\/\/www.les-borders-et-nous.com\/wp-content\/uploads\/2022\/03\/275053329_327455802764256_3801170485667456566_n-768x1024.jpg 768w, https:\/\/www.les-borders-et-nous.com\/wp-content\/uploads\/2022\/03\/275053329_327455802764256_3801170485667456566_n-225x300.jpg 225w, https:\/\/www.les-borders-et-nous.com\/wp-content\/uploads\/2022\/03\/275053329_327455802764256_3801170485667456566_n-1152x1536.jpg 1152w, https:\/\/www.les-borders-et-nous.com\/wp-content\/uploads\/2022\/03\/275053329_327455802764256_3801170485667456566_n.jpg 1536w\" sizes=\"auto, (max-width: 768px) 100vw, 768px\" \/><\/figure>\n\n\n\n<figure class=\"wp-block-image size-large\"><img loading=\"lazy\" decoding=\"async\" width=\"768\" height=\"1024\" data-id=\"2060\" src=\"https:\/\/www.les-borders-et-nous.com\/wp-content\/uploads\/2022\/03\/274987150_327455766097593_1704080071789946457_n-768x1024.jpg\" alt=\"\" class=\"wp-image-2060\" srcset=\"https:\/\/www.les-borders-et-nous.com\/wp-content\/uploads\/2022\/03\/274987150_327455766097593_1704080071789946457_n-768x1024.jpg 768w, https:\/\/www.les-borders-et-nous.com\/wp-content\/uploads\/2022\/03\/274987150_327455766097593_1704080071789946457_n-225x300.jpg 225w, https:\/\/www.les-borders-et-nous.com\/wp-content\/uploads\/2022\/03\/274987150_327455766097593_1704080071789946457_n-1152x1536.jpg 1152w, https:\/\/www.les-borders-et-nous.com\/wp-content\/uploads\/2022\/03\/274987150_327455766097593_1704080071789946457_n.jpg 1536w\" sizes=\"auto, (max-width: 768px) 100vw, 768px\" \/><\/figure>\n\n\n\n<figure class=\"wp-block-image size-large\"><img loading=\"lazy\" decoding=\"async\" width=\"768\" height=\"1024\" data-id=\"2061\" src=\"https:\/\/www.les-borders-et-nous.com\/wp-content\/uploads\/2022\/03\/274978467_327455839430919_1074968151932276220_n-768x1024.jpg\" alt=\"\" class=\"wp-image-2061\" srcset=\"https:\/\/www.les-borders-et-nous.com\/wp-content\/uploads\/2022\/03\/274978467_327455839430919_1074968151932276220_n-768x1024.jpg 768w, https:\/\/www.les-borders-et-nous.com\/wp-content\/uploads\/2022\/03\/274978467_327455839430919_1074968151932276220_n-225x300.jpg 225w, https:\/\/www.les-borders-et-nous.com\/wp-content\/uploads\/2022\/03\/274978467_327455839430919_1074968151932276220_n-1152x1536.jpg 1152w, https:\/\/www.les-borders-et-nous.com\/wp-content\/uploads\/2022\/03\/274978467_327455839430919_1074968151932276220_n.jpg 1536w\" sizes=\"auto, (max-width: 768px) 100vw, 768px\" \/><\/figure>\n\n\n\n<figure class=\"wp-block-image size-large\"><img loading=\"lazy\" decoding=\"async\" width=\"768\" height=\"1024\" data-id=\"2054\" src=\"https:\/\/www.les-borders-et-nous.com\/wp-content\/uploads\/2022\/03\/275060272_327455832764253_6528289510220153416_n-768x1024.jpg\" alt=\"\" class=\"wp-image-2054\" srcset=\"https:\/\/www.les-borders-et-nous.com\/wp-content\/uploads\/2022\/03\/275060272_327455832764253_6528289510220153416_n-768x1024.jpg 768w, https:\/\/www.les-borders-et-nous.com\/wp-content\/uploads\/2022\/03\/275060272_327455832764253_6528289510220153416_n-225x300.jpg 225w, https:\/\/www.les-borders-et-nous.com\/wp-content\/uploads\/2022\/03\/275060272_327455832764253_6528289510220153416_n-1152x1536.jpg 1152w, https:\/\/www.les-borders-et-nous.com\/wp-content\/uploads\/2022\/03\/275060272_327455832764253_6528289510220153416_n.jpg 1536w\" sizes=\"auto, (max-width: 768px) 100vw, 768px\" \/><\/figure>\n\n\n\n<figure class=\"wp-block-image size-large\"><img loading=\"lazy\" decoding=\"async\" width=\"768\" height=\"1024\" data-id=\"2058\" src=\"https:\/\/www.les-borders-et-nous.com\/wp-content\/uploads\/2022\/03\/275067813_327455849430918_4780313020620987644_n-768x1024.jpg\" alt=\"\" class=\"wp-image-2058\" srcset=\"https:\/\/www.les-borders-et-nous.com\/wp-content\/uploads\/2022\/03\/275067813_327455849430918_4780313020620987644_n-768x1024.jpg 768w, https:\/\/www.les-borders-et-nous.com\/wp-content\/uploads\/2022\/03\/275067813_327455849430918_4780313020620987644_n-225x300.jpg 225w, https:\/\/www.les-borders-et-nous.com\/wp-content\/uploads\/2022\/03\/275067813_327455849430918_4780313020620987644_n-1152x1536.jpg 1152w, https:\/\/www.les-borders-et-nous.com\/wp-content\/uploads\/2022\/03\/275067813_327455849430918_4780313020620987644_n.jpg 1536w\" sizes=\"auto, (max-width: 768px) 100vw, 768px\" \/><\/figure>\n<figcaption class=\"blocks-gallery-caption wp-element-caption\"><strong><em>AGO du 27 f\u00e9vrier 2022 &#8211; Bilan ann\u00e9e 2021<\/em><\/strong><\/figcaption><\/figure>\n\n\n\n<h6 class=\"wp-block-heading has-text-align-center\">Association Les Borders Et Nous &#8211; Inscrite au Tribunal Judiciaire de SARREGUEMINES<\/h6>\n\n\n\n<h6 class=\"wp-block-heading has-text-align-center\">Num\u00e9ro SIRET 899 622 351 00026<\/h6>\n\n\n\n<p><\/p>\n","protected":false},"excerpt":{"rendered":"<p>Parce que vos dons sont importants pour aider nos prot\u00e9g\u00e9s, et pour qu\u2019ils aient un sens pour vous&#8230; Nous vous informons (sur cette page) chaque d\u00e9but d\u2019ann\u00e9e, (pour l\u2019ann\u00e9e pr\u00e9c\u00e9dente), des actions men\u00e9es, des frais et des prises en charge faites par l\u2019association LES BORDERS ET NOUS. Nous vous remercions pour votre soutient, financier et [&hellip;]<\/p>\n","protected":false},"author":1,"featured_media":0,"parent":0,"menu_order":0,"comment_status":"closed","ping_status":"closed","template":"","meta":{"footnotes":""},"class_list":["post-480","page","type-page","status-publish","hentry"],"_links":{"self":[{"href":"https:\/\/www.les-borders-et-nous.com\/index.php\/wp-json\/wp\/v2\/pages\/480","targetHints":{"allow":["GET"]}}],"collection":[{"href":"https:\/\/www.les-borders-et-nous.com\/index.php\/wp-json\/wp\/v2\/pages"}],"about":[{"href":"https:\/\/www.les-borders-et-nous.com\/index.php\/wp-json\/wp\/v2\/types\/page"}],"author":[{"embeddable":true,"href":"https:\/\/www.les-borders-et-nous.com\/index.php\/wp-json\/wp\/v2\/users\/1"}],"replies":[{"embeddable":true,"href":"https:\/\/www.les-borders-et-nous.com\/index.php\/wp-json\/wp\/v2\/comments?post=480"}],"version-history":[{"count":19,"href":"https:\/\/www.les-borders-et-nous.com\/index.php\/wp-json\/wp\/v2\/pages\/480\/revisions"}],"predecessor-version":[{"id":4512,"href":"https:\/\/www.les-borders-et-nous.com\/index.php\/wp-json\/wp\/v2\/pages\/480\/revisions\/4512"}],"wp:attachment":[{"href":"https:\/\/www.les-borders-et-nous.com\/index.php\/wp-json\/wp\/v2\/media?parent=480"}],"curies":[{"name":"wp","href":"https:\/\/api.w.org\/{rel}","templated":true}]}}